{"id":1896,"date":"2023-01-01T23:10:38","date_gmt":"2023-01-01T23:10:38","guid":{"rendered":"https:\/\/sarapreis.de\/?page_id=1896"},"modified":"2023-01-01T23:42:14","modified_gmt":"2023-01-01T23:42:14","slug":"elementor-1896","status":"publish","type":"page","link":"https:\/\/sarapreis.de\/index.php\/elementor-1896\/","title":{"rendered":"Elementor #1896"},"content":{"rendered":"\t\t<div data-elementor-type=\"wp-page\" data-elementor-id=\"1896\" class=\"elementor elementor-1896\">\n\t\t\t\t\t\t\t\t\t<section class=\"elementor-section elementor-top-section elementor-element elementor-element-65f62bd elementor-section-boxed elementor-section-height-default elementor-section-height-default\" data-id=\"65f62bd\" data-element_type=\"section\">\n\t\t\t\t\t\t<div class=\"elementor-container elementor-column-gap-default\">\n\t\t\t\t\t<div class=\"elementor-column elementor-col-100 elementor-top-column elementor-element elementor-element-169802f\" data-id=\"169802f\" data-element_type=\"column\">\n\t\t\t<div class=\"elementor-widget-wrap elementor-element-populated\">\n\t\t\t\t\t\t\t\t<div class=\"elementor-element elementor-element-1fc928c elementor-widget elementor-widget-heading\" data-id=\"1fc928c\" data-element_type=\"widget\" data-widget_type=\"heading.default\">\n\t\t\t\t<div class=\"elementor-widget-container\">\n\t\t\t<style>\/*! elementor - v3.7.4 - 31-08-2022 *\/\n.elementor-heading-title{padding:0;margin:0;line-height:1}.elementor-widget-heading .elementor-heading-title[class*=elementor-size-]>a{color:inherit;font-size:inherit;line-height:inherit}.elementor-widget-heading .elementor-heading-title.elementor-size-small{font-size:15px}.elementor-widget-heading .elementor-heading-title.elementor-size-medium{font-size:19px}.elementor-widget-heading .elementor-heading-title.elementor-size-large{font-size:29px}.elementor-widget-heading .elementor-heading-title.elementor-size-xl{font-size:39px}.elementor-widget-heading .elementor-heading-title.elementor-size-xxl{font-size:59px}<\/style><h2 class=\"elementor-heading-title elementor-size-default\">Kosten\u00fcbernahme<\/h2>\t\t<\/div>\n\t\t\t\t<\/div>\n\t\t\t\t\t<\/div>\n\t\t<\/div>\n\t\t\t\t\t\t\t<\/div>\n\t\t<\/section>\n\t\t\t\t<section class=\"elementor-section elementor-top-section elementor-element elementor-element-133ad0d elementor-section-boxed elementor-section-height-default elementor-section-height-default\" data-id=\"133ad0d\" data-element_type=\"section\">\n\t\t\t\t\t\t<div class=\"elementor-container elementor-column-gap-default\">\n\t\t\t\t\t<div class=\"elementor-column elementor-col-66 elementor-top-column elementor-element elementor-element-485ec67\" data-id=\"485ec67\" data-element_type=\"column\">\n\t\t\t<div class=\"elementor-widget-wrap elementor-element-populated\">\n\t\t\t\t\t\t\t\t<div class=\"elementor-element elementor-element-a78149e elementor-widget elementor-widget-text-editor\" data-id=\"a78149e\" data-element_type=\"widget\" data-widget_type=\"text-editor.default\">\n\t\t\t\t<div class=\"elementor-widget-container\">\n\t\t\t<style>\/*! elementor - v3.7.4 - 31-08-2022 *\/\n.elementor-widget-text-editor.elementor-drop-cap-view-stacked .elementor-drop-cap{background-color:#818a91;color:#fff}.elementor-widget-text-editor.elementor-drop-cap-view-framed .elementor-drop-cap{color:#818a91;border:3px solid;background-color:transparent}.elementor-widget-text-editor:not(.elementor-drop-cap-view-default) .elementor-drop-cap{margin-top:8px}.elementor-widget-text-editor:not(.elementor-drop-cap-view-default) .elementor-drop-cap-letter{width:1em;height:1em}.elementor-widget-text-editor .elementor-drop-cap{float:left;text-align:center;line-height:1;font-size:50px}.elementor-widget-text-editor .elementor-drop-cap-letter{display:inline-block}<\/style>\t\t\t\t<h5><u>Wird die <strong>Ern\u00e4hrungstherapie<\/strong> von den Krankenkassen bezuschusst? <\/u><\/h5><h5><strong><u>Schon gewusst?<\/u><\/strong><\/h5><p>Viele Krankenkassen \u00fcbernehmen einen gewissen Anteil der Kosten.<\/p><p>Wichtig zu wissen ist, dass hier aber zwischen <strong>Ern\u00e4hrungstherapie und Pr\u00e4vention <\/strong>unterschieden wird. Am besten informieren\/melden Sie sich telefonisch bei Ihrer Krankenkasse, und kl\u00e4ren die Rahmenbedingungen der Kosten\u00fcbernahme ab. Wenn es m\u00f6glich ist, lassen Sie sich dies schriftlich, best\u00e4tigen.<\/p><p>Falls der Wunsch nach einem Kostenvoranschlag besteht, k\u00f6nnen Sie sich gerne bei mir melden.<\/p><p>Private Krankenkassen \u00fcbernehmen selten die Kosten einer Ern\u00e4hrungstherapie. Eine Anfrage lohnt sich jedoch!<\/p>\t\t\t\t\t\t<\/div>\n\t\t\t\t<\/div>\n\t\t\t\t\t<\/div>\n\t\t<\/div>\n\t\t\t\t<div class=\"elementor-column elementor-col-33 elementor-top-column elementor-element elementor-element-a3ee399\" data-id=\"a3ee399\" data-element_type=\"column\">\n\t\t\t<div class=\"elementor-widget-wrap elementor-element-populated\">\n\t\t\t\t\t\t\t\t<div class=\"elementor-element elementor-element-bc04003 elementor-widget elementor-widget-image\" data-id=\"bc04003\" data-element_type=\"widget\" data-widget_type=\"image.default\">\n\t\t\t\t<div class=\"elementor-widget-container\">\n\t\t\t<style>\/*! elementor - v3.7.4 - 31-08-2022 *\/\n.elementor-widget-image{text-align:center}.elementor-widget-image a{display:inline-block}.elementor-widget-image a img[src$=\".svg\"]{width:48px}.elementor-widget-image img{vertical-align:middle;display:inline-block}<\/style>\t\t\t\t\t\t\t\t\t\t\t\t<img decoding=\"async\" width=\"1536\" height=\"1022\" src=\"https:\/\/sarapreis.de\/wp-content\/uploads\/2023\/01\/Telefon2-1536x1022-2.jpg\" class=\"attachment-full size-full\" alt=\"\" loading=\"lazy\" srcset=\"https:\/\/sarapreis.de\/wp-content\/uploads\/2023\/01\/Telefon2-1536x1022-2.jpg 1536w, https:\/\/sarapreis.de\/wp-content\/uploads\/2023\/01\/Telefon2-1536x1022-2-300x200.jpg 300w, https:\/\/sarapreis.de\/wp-content\/uploads\/2023\/01\/Telefon2-1536x1022-2-1024x681.jpg 1024w, https:\/\/sarapreis.de\/wp-content\/uploads\/2023\/01\/Telefon2-1536x1022-2-768x511.jpg 768w\" sizes=\"(max-width: 1536px) 100vw, 1536px\" \/>\t\t\t\t\t\t\t\t\t\t\t\t\t\t\t<\/div>\n\t\t\t\t<\/div>\n\t\t\t\t\t<\/div>\n\t\t<\/div>\n\t\t\t\t\t\t\t<\/div>\n\t\t<\/section>\n\t\t\t\t<section class=\"elementor-section elementor-top-section elementor-element elementor-element-189492b elementor-section-boxed elementor-section-height-default elementor-section-height-default\" data-id=\"189492b\" data-element_type=\"section\">\n\t\t\t\t\t\t<div class=\"elementor-container elementor-column-gap-default\">\n\t\t\t\t\t<div class=\"elementor-column elementor-col-100 elementor-top-column elementor-element elementor-element-4dc52a4\" data-id=\"4dc52a4\" data-element_type=\"column\">\n\t\t\t<div class=\"elementor-widget-wrap elementor-element-populated\">\n\t\t\t\t\t\t\t\t<div class=\"elementor-element elementor-element-ece090c elementor-widget elementor-widget-text-editor\" data-id=\"ece090c\" data-element_type=\"widget\" data-widget_type=\"text-editor.default\">\n\t\t\t\t<div class=\"elementor-widget-container\">\n\t\t\t\t\t\t\t<h5><strong><u>Hinweis<\/u>:<\/strong><\/h5><p>\u00a0Zur Beantragung von einer Kosten\u00fcbernahme ben\u00f6tigen Sie einen Kostenvoranschlag, mein aktuelles Zertifikat und meist eine \u00e4rztliche Notwendigkeitsbescheinigung. Die <strong>Notwendigkeitsbescheinigung<\/strong> f\u00fcr eine Ern\u00e4hrungstherapie, zur Bezuschussung bei den Krankenkassen, k\u00f6nnen Sie sich <strong>hier herunterladen<\/strong>, ausdrucken und dann Ihren behandelnden Arzt ausf\u00fcllen lassen.<\/p><p>\u00a0<\/p><h5><strong><u>Wichtig!<\/u><\/strong><\/h5><p>Am besten eine Kopie Ihrer relevanten Laborwerte, Medikation usw. gleich mitgeben lassen! Bitte die Notwendigkeitsbescheinigung auch <strong>kopieren<\/strong> da diese an mich, sowie an Ihre Krankenkasse, weitergeleitet werden muss.<\/p><p>\u00a0<\/p><h5><strong><u>Zusammenfassung:<\/u><\/strong><\/h5><p>Um richtig mit der Beratung durchstarten zu k\u00f6nnen ben\u00f6tige ich vor der ersten Therapiesitzung <strong><u>folgende Unterlagen<\/u><\/strong>:<\/p><ul><li>Notwendigkeitsbescheinigung ( nur falls es um das Thema Ern\u00e4hrungstherapie geht)<\/li><li>Zusage der Kosten\u00fcbernahme<\/li><li>Laborwerte etc.<\/li><\/ul><p>Im Anschluss an die letzte Beratungseinheit, erhalten Sie eine <strong>Rechnung <\/strong>und die <strong>Teilnahmebest\u00e4tigung<\/strong>, dies schicken Sie zusammen mit Ihrer <strong>aktuellen Bankverbindung<\/strong> an Ihre Krankenkasse. Diese wird Ihnen dann den vorab zugesprochenen Anteil zukommen lassen.<\/p>\t\t\t\t\t\t<\/div>\n\t\t\t\t<\/div>\n\t\t\t\t\t<\/div>\n\t\t<\/div>\n\t\t\t\t\t\t\t<\/div>\n\t\t<\/section>\n\t\t\t\t<section class=\"elementor-section elementor-top-section elementor-element elementor-element-93f0b28 elementor-section-boxed elementor-section-height-default elementor-section-height-default\" data-id=\"93f0b28\" data-element_type=\"section\">\n\t\t\t\t\t\t<div class=\"elementor-container elementor-column-gap-default\">\n\t\t\t\t\t<div class=\"elementor-column elementor-col-100 elementor-top-column elementor-element elementor-element-2b4c64e\" data-id=\"2b4c64e\" data-element_type=\"column\">\n\t\t\t<div class=\"elementor-widget-wrap elementor-element-populated\">\n\t\t\t\t\t\t\t\t<div class=\"elementor-element elementor-element-535921e elementor-button-success elementor-widget elementor-widget-button\" data-id=\"535921e\" data-element_type=\"widget\" data-widget_type=\"button.default\">\n\t\t\t\t<div class=\"elementor-widget-container\">\n\t\t\t\t\t<div class=\"elementor-button-wrapper\">\n\t\t\t<a href=\"https:\/\/sarapreis.de\/wp-content\/uploads\/2023\/01\/Aerztliche-Notwendigkeitsbescheinigung-Ernaehrungstherapie-\u00a743-SGB-V.pdf\" target=\"_blank\" class=\"elementor-button-link elementor-button elementor-size-sm\" role=\"button\">\n\t\t\t\t\t\t<span class=\"elementor-button-content-wrapper\">\n\t\t\t\t\t\t<span class=\"elementor-button-text\">Notwendigkeitsbescheinigung<\/span>\n\t\t<\/span>\n\t\t\t\t\t<\/a>\n\t\t<\/div>\n\t\t\t\t<\/div>\n\t\t\t\t<\/div>\n\t\t\t\t\t<\/div>\n\t\t<\/div>\n\t\t\t\t\t\t\t<\/div>\n\t\t<\/section>\n\t\t\t\t\t\t\t<\/div>\n\t\t","protected":false},"excerpt":{"rendered":"<p>Kosten\u00fcbernahme Wird die Ern\u00e4hrungstherapie von den Krankenkassen bezuschusst? Schon gewusst? Viele Krankenkassen \u00fcbernehmen einen gewissen Anteil der Kosten. Wichtig zu wissen ist, dass hier aber zwischen Ern\u00e4hrungstherapie und Pr\u00e4vention unterschieden wird. Am besten informieren\/melden Sie sich telefonisch bei Ihrer Krankenkasse, und kl\u00e4ren die Rahmenbedingungen der Kosten\u00fcbernahme ab. Wenn es m\u00f6glich ist, lassen Sie sich dies &hellip;<\/p>\n<p class=\"read-more\"> <a class=\"\" href=\"https:\/\/sarapreis.de\/index.php\/elementor-1896\/\"> <span class=\"screen-reader-text\">Elementor #1896<\/span> Read More &raquo;<\/a><\/p>\n","protected":false},"author":1,"featured_media":0,"parent":0,"menu_order":0,"comment_status":"closed","ping_status":"closed","template":"","meta":{"om_disable_all_campaigns":false,"_monsterinsights_skip_tracking":false,"_monsterinsights_sitenote_active":false,"_monsterinsights_sitenote_note":"","_monsterinsights_sitenote_category":0,"site-sidebar-layout":"no-sidebar","site-content-layout":"page-builder","ast-global-header-display":"","ast-main-header-display":"","ast-hfb-above-header-display":"","ast-hfb-below-header-display":"","ast-hfb-mobile-header-display":"","site-post-title":"disabled","ast-breadcrumbs-content":"","ast-featured-img":"disabled","footer-sml-layout":"","theme-transparent-header-meta":"","adv-header-id-meta":"","stick-header-meta":"","header-above-stick-meta":"","header-main-stick-meta":"","header-below-stick-meta":""},"aioseo_notices":[],"uagb_featured_image_src":{"full":false,"thumbnail":false,"medium":false,"medium_large":false,"large":false,"1536x1536":false,"2048x2048":false},"uagb_author_info":{"display_name":"hammada.s1996.ms@gmail.com","author_link":"https:\/\/sarapreis.de\/index.php\/author\/hammada-s1996-msgmail-com\/"},"uagb_comment_info":0,"uagb_excerpt":"Kosten\u00fcbernahme Wird die Ern\u00e4hrungstherapie von den Krankenkassen bezuschusst? Schon gewusst? Viele Krankenkassen \u00fcbernehmen einen gewissen Anteil der Kosten. Wichtig zu wissen ist, dass hier aber zwischen Ern\u00e4hrungstherapie und Pr\u00e4vention unterschieden wird. Am besten informieren\/melden Sie sich telefonisch bei Ihrer Krankenkasse, und kl\u00e4ren die Rahmenbedingungen der Kosten\u00fcbernahme ab. Wenn es m\u00f6glich ist, lassen Sie sich dies&hellip;","_links":{"self":[{"href":"https:\/\/sarapreis.de\/index.php\/wp-json\/wp\/v2\/pages\/1896"}],"collection":[{"href":"https:\/\/sarapreis.de\/index.php\/wp-json\/wp\/v2\/pages"}],"about":[{"href":"https:\/\/sarapreis.de\/index.php\/wp-json\/wp\/v2\/types\/page"}],"author":[{"embeddable":true,"href":"https:\/\/sarapreis.de\/index.php\/wp-json\/wp\/v2\/users\/1"}],"replies":[{"embeddable":true,"href":"https:\/\/sarapreis.de\/index.php\/wp-json\/wp\/v2\/comments?post=1896"}],"version-history":[{"count":31,"href":"https:\/\/sarapreis.de\/index.php\/wp-json\/wp\/v2\/pages\/1896\/revisions"}],"predecessor-version":[{"id":1934,"href":"https:\/\/sarapreis.de\/index.php\/wp-json\/wp\/v2\/pages\/1896\/revisions\/1934"}],"wp:attachment":[{"href":"https:\/\/sarapreis.de\/index.php\/wp-json\/wp\/v2\/media?parent=1896"}],"curies":[{"name":"wp","href":"https:\/\/api.w.org\/{rel}","templated":true}]}}